a multiple of 49?
True
Is 107 a factor of 3107066?
True
Does 161 divide 4709089?
True
Does 72 divide 9025128?
True
Does 12 divide 18300?
True
Does 1532 divide 2420560?
True
Is 47 a factor of 2284537?
False
Is 932982 a multiple of 143?
False
Is 5462301 a multiple of 15?
False
Is 4 a factor of 134061?
False
Does 54 divide 3488832?
True
Is 852173 a multiple of 6?
False
Does 13 divide 673416?
False
Does 11 divide 37521?
True
Does 153 divide 451962?
True
Is 27428322 a multiple of 272?
False
Is 10 a factor of 1373457?
False
Is 2837049 a multiple of 51?
False
Does 81 divide 326754?
True
Is 128613 a multiple of 115?
False
Is 676339 a multiple of 97?
False
Does 34 divide 18683188?
False
Is 204 a factor of 349452?
True
Is 26 a factor of 367250?
True
Is 4298280 a multiple of 490?
True
Does 264 divide 8822880?
True
Does 5 divide 501057?
False
Does 106 divide 140026?
True
Is 390 a factor of 9174360?
True
Is 4255579 a multiple of 20?
False
Does 16 divide 70597?
False
Is 380514 a multiple of 497?
False
Does 20 divide 53340?
True
Is 3610065 a multiple of 6?
False
Is 74932 a multiple of 4?
True
Does 257 divide 4548855?
False
Is 1134425 a multiple of 225?
False
Is 15 a factor of 1476165?
True
Is 909877 a multiple of 61?
False
Does 21 divide 1742097?
True
Is 2162 a factor of 15555590?
True
Is 64307 a multiple of 32?
False
Is 383 a factor of 597082?
False
Does 38 divide 740130?
False
Does 3 divide 13557?
True
Is 12516472 a multiple of 309?
False
Does 64 divide 20864?
True
Does 8 divide 778984?
True
Is 254457 a multiple of 63?
True
Does 270 divide 2891970?
True
Is 7 a factor of 227276?
True
Is 4627701 a multiple of 117?
True
Is 294875 a multiple of 35?
True
Does 2 divide 2390?
True
Does 29 divide 1658510?
True
Does 10 divide 1678540?
True
Is 814 a factor of 1941390?
True
Is 13 a factor of 12207?
True
Is 768110 a multiple of 35?
True
Is 8 a factor of 329928?
True
Does 1110 divide 2398710?
True
Is 55 a factor of 1139490?
True
Is 25 a factor of 51550?
True
Does 8 divide 948912?
True
Does 638 divide 35496558?
False
Is 1201 a factor of 16017737?
True
Is 10263427 a multiple of 17?
True
Is 284985 a multiple of 340?
False
Is 378303 a multiple of 55?
False
Is 38 a factor of 652?
False
Is 12 a factor of 245701?
False
Does 15 divide 2537275?
False
Is 9 a factor of 1273626?
True
Is 40 a factor of 23158?
False
Does 397 divide 12410?
False
Does 7 divide 256508?
True
Is 53 a factor of 619145?
False
Does 4 divide 71135?
False
Is 78 a factor of 204594?
True
Is 53 a factor of 459499?
False
Does 871 divide 4846639?
False
Does 28 divide 40474?
False
Is 785808 a multiple of 408?
True
Does 3 divide 279217?
False
Does 235 divide 1339265?
True
Is 29 a factor of 10411?
True
Is 5371291 a multiple of 13?
False
Is 15345 a multiple of 5?
True
Is 502 a factor of 15471778?
False
Does 45 divide 121365?
True
Is 4844847 a multiple of 41?
True
Does 334 divide 567800?
True
Is 3494169 a multiple of 63?
True
Is 287671 a multiple of 89?
False
Is 935024 a multiple of 16?
True
Is 21 a factor of 79422?
True
Is 640 a factor of 98108?
False
Is 35 a factor of 387450?
True
Does 378 divide 27289614?
False
Is 130200 a multiple of 140?
True
Is 4 a factor of 27976?
True
Is 114939 a multiple of 81?
True
Is 12 a factor of 1785023?
False
Is 9 a factor of 5950420?
False
Is 145 a factor of 444872?
False
Does 15 divide 54570?
True
Does 9 divide 37692?
True
Is 5856607 a multiple of 1253?
False
Is 155 a factor of 739042?
False
Is 709090 a multiple of 46?
True
Is 131352 a multiple of 20?
False
Is 1903722 a multiple of 194?
True
Does 185 divide 351130?
True
Is 890673 a multiple of 49?
True
Does 33 divide 1754957?
False
Is 34 a factor of 756092?
True
Does 47 divide 786733?
True
Does 100 divide 2755500?
True
Is 88 a factor of 113960?
True
Is 283 a factor of 202911?
True
Is 20 a factor of 1658920?
True
Is 218 a factor of 207381?
False
Does 28 divide 3500448?
True
Is 28707 a multiple of 21?
True
Does 131 divide 697278?
False
Is 93 a factor of 264957?
True
Is 304288 a multiple of 32?
True
Is 3 a factor of 2181362?
False
Is 751036 a multiple of 63?
False
Does 119 divide 1461501?
False
Does 171 divide 346380?
False
Does 67 divide 87636?
True
Does 5 divide 1494875?
True
Is 111 a factor of 28764?
False
Is 214 a factor of 226626?
True
Is 117 a factor of 14682907?
False
Is 458 a factor of 1576436?
True
Does 113 divide 202383?
True
Is 192 a factor of 3474048?
True
Does 60 divide 62580?
True
Does 54 divide 13873842?
True
Is 3744403 a multiple of 289?
False
Does 3 divide 549537?
True
Does 22 divide 2215444?
True
Does 14 divide 8470?
True
Is 1387 a factor of 19419387?
True
Does 180 divide 53579?
False
Does 16 divide 2025781?
False
Is 779 a factor of 4698509?
False
Is 56 a factor of 2334920?
True
Is 37 a factor of 36286?
False
Is 15 a factor of 53685?
True
Does 69 divide 9433473?
True
Is 1804541 a multiple of 34?
False
Does 90 divide 190445?
False
Is 72 a factor of 2299261?
False
Is 858 a factor of 24643476?
True
Is 3552800 a multiple of 100?
True
Does 44 divide 454654?
False
Is 6 a factor of 459384?
True
Is 1256846 a multiple of 95?
False
Is 36121 a multiple of 2?
False
Is 227001 a multiple of 17?
True
Is 1067682 a multiple of 239?
False
Is 15 a factor of 6168495?
True
Is 266 a factor of 232750?
True
Is 262283 a multiple of 14?
False
Does 385 divide 219752?
False
Is 7122991 a multiple of 184?
False
Does 90 divide 94516?
False
Does 1312 divide 6133046?
False
Is 398 a factor of 267854?
True
Does 30 divide 7096968?
False
Is 140791 a multiple of 7?
True
Does 400 divide 769600?
True
Is 7367032 a multiple of 422?
False
Is 5477732 a multiple of 26?
True
Is 126703 a multiple of 17?
False
Is 2318217 a multiple of 389?
False
Is 129479 a multiple of 130?
False
Is 146823 a multiple of 642?
False
Does 75 divide 4529771?
False
Is 1397338 a multiple of 10?
False
Is 372466 a multiple of 43?
True
Is 5691128 a multiple of 92?
False
Is 58 a factor of 731206?
True
Is 42 a factor of 128437?
False
Is 14 a factor of 22694?
True
Is 7994459 a multiple of 401?
False
Does 605 divide 6504089?
False
Does 46 divide 67371?
False
Is 10 a factor of 343474?
False
Is 1997251 a multiple of 80?
False
Is 214568 a multiple of 4?
True
Is 106 a factor of 19197980?
False
Does 328 divide 2684352?
True
Is 34 a factor of 18394?
True
Is 80 a factor of 140160?
True
Is 885436 a multiple of 226?
False
Is 592 a factor of 2246048?
True
Does 692 divide 3343744?
True
Is 753467 a multiple of 11?
True
Does 441 divide 349713?
True
Does 5 divide 49389?
False
Is 818 a multiple of 4?
False
Is 11 a factor of 10163?
False
Is 1494592 a multiple of 482?
False
Is 3 a factor of 149302?
False
Is 547 a factor of 490193?
False
Is 1858327 a multiple of 181?
True
Is 998280 a multiple of 472?
True
Does 24 divide 34243?
False
Is 2212 a multiple of 53?
False
Does 36 divide 43732?
False
Does 2160 divide 26566539?
False
Is 30 a factor of 47190?
True
Is 369804 a multiple of 12?
True
Is 143 a factor of 92236?
False
Does 480 divide 998400?
True
Does 11 divide 107490?
False
Does 17 divide 660195?
True
Is 61 a factor of 135786?
True
Is 138 a factor of 118680?
True
Is 22 a factor of 2682658?
True
Is 44 a factor of 51964?
True
Is 72 a factor of 1812744?
True
Is 867654 a multiple of 114?
True
Does 45 divide 100890?
True
Is 93 a factor of 95179?
False
Is 3873078 a multiple of 9?
True
Does 403 divide 350001?
False
Is 18 a factor of 4026996?
True
Is 284102 a multiple of 91?
True
Is 88 a factor of 204864?
True
Is 15318780 a multiple of 12?
True
Is 21360 a multiple of 18?
False
Is 94260 a multiple of 20?
True
Is 13 a factor of 16136588?
True
Does 37 divide 3030578?
False
Is 168 a factor of 869568?
True
Does 196 divide 2010372?
True
Does 471 divide 374347?
False
Is 4928586 a multiple of 78?
True
Is 6787 a multiple of 229?
False
Is 4254334 a multiple of 74?
True
Is 4375 a multiple of 35?
True
Is 91 a factor of 1083628?
True
Is 173 a factor of 220056?
True
Is 269 a factor of 2935597?
True
Is 54540 a multiple of 3?
True
Does 4 divide 7835404?
True
Does 12 divide 2782812?
True
Does 26 divide 7555342?
False
Does 7 divide 16118933?
False
Is 36245 even?
False
Is 206424 a multiple of 4?
True
Is 706557 a multiple of 3?
True
Is 821 a factor of 1943307?
True
Is 2 a factor of 2160?
True
Is 8527820 a multiple of 12?
False
Is 227184 